{"id":261,"date":"2014-12-30T12:42:57","date_gmt":"2014-12-30T11:42:57","guid":{"rendered":"http:\/\/www.obstmanufaktur.at\/start\/?page_id=261"},"modified":"2014-12-30T13:13:05","modified_gmt":"2014-12-30T12:13:05","slug":"kloaboi1879","status":"publish","type":"page","link":"https:\/\/www.obstmanufaktur.at\/start\/kloaboi1879\/","title":{"rendered":"kloa.boi 1879 |  riedel.hechl"},"content":{"rendered":"<p><a href=\"http:\/\/www.obstmanufaktur.at\/start\/wp-content\/uploads\/2014\/12\/kloa.boi-1879.png\"><img loading=\"lazy\" decoding=\"async\" class=\"aligncenter size-large wp-image-269\" src=\"http:\/\/www.obstmanufaktur.at\/start\/wp-content\/uploads\/2014\/12\/kloa.boi-1879-1024x225.png\" alt=\"kloa.boi 1879\" width=\"900\" height=\"198\" data-wp-pid=\"269\" srcset=\"https:\/\/www.obstmanufaktur.at\/start\/wp-content\/uploads\/2014\/12\/kloa.boi-1879-1024x225.png 1024w, https:\/\/www.obstmanufaktur.at\/start\/wp-content\/uploads\/2014\/12\/kloa.boi-1879-300x66.png 300w, https:\/\/www.obstmanufaktur.at\/start\/wp-content\/uploads\/2014\/12\/kloa.boi-1879-720x158.png 720w, https:\/\/www.obstmanufaktur.at\/start\/wp-content\/uploads\/2014\/12\/kloa.boi-1879-800x176.png 800w\" sizes=\"(max-width: 706px) 89vw, (max-width: 767px) 82vw, 740px\" \/><\/a><\/p>\n<p>&nbsp;<\/p>\n<p><a href=\"http:\/\/www.obstmanufaktur.at\/start\"><img loading=\"lazy\" decoding=\"async\" class=\" size-full wp-image-140 alignright\" src=\"http:\/\/www.obstmanufaktur.at\/start\/wp-content\/uploads\/2014\/03\/zur\u00fcck-01.png\" alt=\"zur\u00fcck-01\" width=\"86\" height=\"29\" data-wp-pid=\"140\" \/><\/a><\/p>\n<p><strong>kloatznbirn [kletzenbirne] trifft staboi [stockenboi], oder edelbrand trifft fine-art. und warum genau 1879?<\/strong><\/p>\n<p>beginnen wir in Tscherniheim nahe Stockenboi. dort finden sich die wurzeln meisterlichen waldglases in K\u00e4rnten. im jahre 1879 verlaufen sich die spuren des alten glashandwerks-ortes als produktionst\u00e4tte. was geblieben ist, sind einmalige artefakte mit dem besonderen fadendekor.<\/p>\n<p>glasbl\u00e4ser-meister alois Hechl-Kreuter hauchte &#8211; oder besser gesagt blie\u00df &#8211; mit seiner serie \u201estaboier\u201c diesem nahezu vergessenem dekor in seiner eigenen interpretation wieder neues leben ein.<\/p>\n<p>und die kloatznbirn? als eine der am l\u00e4ngsten kultivierten birnensorten in K\u00e4rnten gab es wohl auch schon im 18. jahrhundert ber\u00fchrungspunkte der als destillat veredelten frucht mit dem Tscherniheimer waldglas. christian riedel legt mit der obstmanufaktur riedel auf die erhaltung der wohl \u00e4ltesten obstb\u00e4ume der sorte kloatznbirn in Judendorf bei Villach gro\u00dfes augenmerk.<\/p>\n<p>f\u00fcr die sonderedition darf der sortenreine kloatznbirn-brand auch noch eine weile im kleinen eichenfass zu sich finden und zum genuss heranreifen.<\/p>\n<p>dann lass es uns vereinen&#8230;<\/p>\n<p>die schnapsglas-meisterwerke der serie \u201estaboier\u201c von alois Hechl-Kreuter treffen sich also mit dem kloatznbirn-brand von christian riedel. was dabei rauskommt?<\/p>\n<p>&nbsp;<\/p>\n<p><strong>alois hechl-kreuter<\/strong><\/p>\n<p>sch\u00fcler der glasfachschule Kramsach\/Triol<\/p>\n<p>abschluss und meisterpr\u00fcfung<\/p>\n<p>seit 1991 freischaffend mit werkstatt und gesch\u00e4ft in Villach<\/p>\n<p>arbeitstechnik: vor der lampe geblasen<\/p>\n<p>werkstoff: bor-silikatglas<\/p>\n<p>neben individueller einzelfertigung werden serien von gl\u00e4sern erzeugt. bei der verarbeitung finden keinerlei formen verwendung. farbe, struktur und dekor sind von den ausf\u00fchrenden h\u00e4nden gepr\u00e4gt. nach der bearbeitung wird das glas in einem speziellen ofen spannungsfrei gegl\u00fcht und danach mit datum signiert.<\/p>\n<p><a href=\"http:\/\/www.hechlglas.com\" target=\"_blank\">www.hechlglas.com<\/a><\/p>\n<p>&nbsp;<\/p>\n<p><strong>christian riedel<\/strong><\/p>\n<p>gepr\u00fcfter obstbaum- und kellerwart am obst- und weinbauzentrum st. andr\u00e4 im lavanttal, studierter betriebswirt &amp; touristiker mit elterlichem betrieb, inhaber der agentur schwarzberger<\/p>\n<p>werkstoff: fr\u00fcchte quer durch den obstgarten<\/p>\n<p>veredelt wird alles, was auf den eigenen obstb\u00e4umen und str\u00e4uchern w\u00e4chst und dazwischen summt. vom edelbrand \u00fcber most &amp; saft, sowie honig. vereint wird familientradition mit kreativen neukompositionen.<\/p>\n<style id=\"bwg-style-0\">    #bwg_container1_0 #bwg_container2_0 .bwg-container-0.bwg-standard-thumbnails {      width: 1504px;              justify-content: center;        margin:0 auto !important;              background-color: rgba(255, 255, 255, 0.00);            padding-left: 4px;      padding-top: 4px;      max-width: 100%;            }        #bwg_container1_0 #bwg_container2_0 .bwg-container-0.bwg-standard-thumbnails .bwg-item {    justify-content: flex-start;      max-width: 300px;            width: 300px !important;          }    #bwg_container1_0 #bwg_container2_0 .bwg-container-0.bwg-standard-thumbnails .bwg-item a {       margin-right: 4px;       margin-bottom: 4px;    }    #bwg_container1_0 #bwg_container2_0 .bwg-container-0.bwg-standard-thumbnails .bwg-item0 {      padding: 0px;            background-color:rgba(255,255,255, 0.30);      border: 0px none #CCCCCC;      opacity: 1.00;      border-radius: 0;      box-shadow: 0px 0px 0px #888888;    }    #bwg_container1_0 #bwg_container2_0 .bwg-container-0.bwg-standard-thumbnails .bwg-item1 img {      max-height: none;      max-width: none;      padding: 0 !important;    }        @media only screen and (min-width: 480px) {      #bwg_container1_0 #bwg_container2_0 .bwg-container-0.bwg-standard-thumbnails .bwg-item0 {        transition: all 0.3s ease 0s;-webkit-transition: all 0.3s ease 0s;      }      #bwg_container1_0 #bwg_container2_0 .bwg-container-0.bwg-standard-thumbnails .bwg-item0:hover {        -ms-transform: scale(1.1);        -webkit-transform: scale(1.1);        transform: scale(1.1);      }    }          #bwg_container1_0 #bwg_container2_0 .bwg-container-0.bwg-standard-thumbnails .bwg-item1 {      padding-top: 50%;    }        #bwg_container1_0 #bwg_container2_0 .bwg-container-0.bwg-standard-thumbnails .bwg-title2,    #bwg_container1_0 #bwg_container2_0 .bwg-container-0.bwg-standard-thumbnails .bwg-ecommerce2 {      color: #CCCCCC;      font-family: segoe ui;      font-size: 16px;      font-weight: bold;      padding: 2px;      text-shadow: 0px 0px 0px #888888;      max-height: 100%;    }    #bwg_container1_0 #bwg_container2_0 .bwg-container-0.bwg-standard-thumbnails .bwg-thumb-description span {    color: #323A45;    font-family: Ubuntu;    font-size: 12px;    max-height: 100%;    word-wrap: break-word;    }    #bwg_container1_0 #bwg_container2_0 .bwg-container-0.bwg-standard-thumbnails .bwg-play-icon2 {      font-size: 32px;    }    #bwg_container1_0 #bwg_container2_0 .bwg-container-0.bwg-standard-thumbnails .bwg-ecommerce2 {      font-size: 19.2px;      color: #CCCCCC;    }    <\/style>    <div id=\"bwg_container1_0\"         class=\"bwg_container bwg_thumbnail bwg_thumbnails \"         data-right-click-protection=\"0\"         data-bwg=\"0\"         data-scroll=\"0\"         data-gallery-type=\"thumbnails\"         data-gallery-view-type=\"thumbnails\"         data-current-url=\"\/start\/wp-json\/wp\/v2\/pages\/261\"         data-lightbox-url=\"https:\/\/www.obstmanufaktur.at\/start\/wp-admin\/admin-ajax.php?action=GalleryBox&#038;current_view=0&#038;gallery_id=5&#038;tag=0&#038;theme_id=1&#038;shortcode_id=1&#038;sort_by=size&#038;order_by=asc&#038;current_url=%2Fstart%2Fwp-json%2Fwp%2Fv2%2Fpages%2F261\"         data-gallery-id=\"5\"         data-popup-width=\"800\"         data-popup-height=\"500\"         data-is-album=\"gallery\"         data-buttons-position=\"bottom\">      <div id=\"bwg_container2_0\">             <div id=\"ajax_loading_0\" class=\"bwg_loading_div_1\">      <div class=\"bwg_loading_div_2\">        <div class=\"bwg_loading_div_3\">          <div id=\"loading_div_0\" class=\"bwg_spider_ajax_loading\">          <\/div>        <\/div>      <\/div>    <\/div>            <form id=\"gal_front_form_0\"              class=\"bwg-hidden\"              method=\"post\"              action=\"#\"              data-current=\"0\"              data-shortcode-id=\"1\"              data-gallery-type=\"thumbnails\"              data-gallery-id=\"5\"              data-tag=\"0\"              data-album-id=\"0\"              data-theme-id=\"1\"              data-ajax-url=\"https:\/\/www.obstmanufaktur.at\/start\/wp-admin\/admin-ajax.php?action=bwg_frontend_data\">          <div id=\"bwg_container3_0\" class=\"bwg-background bwg-background-0\">                <div data-max-count=\"5\"         data-thumbnail-width=\"300\"         data-bwg=\"0\"         data-gallery-id=\"5\"         data-lightbox-url=\"https:\/\/www.obstmanufaktur.at\/start\/wp-admin\/admin-ajax.php?action=GalleryBox&amp;current_view=0&amp;gallery_id=5&amp;tag=0&amp;theme_id=1&amp;shortcode_id=1&amp;sort_by=size&amp;order_by=asc&amp;current_url=%2Fstart%2Fwp-json%2Fwp%2Fv2%2Fpages%2F261\"         id=\"bwg_thumbnails_0\"         class=\"bwg-container-0 bwg-thumbnails bwg-standard-thumbnails bwg-container bwg-border-box\">            <div class=\"bwg-item\">        <a class=\"bwg-a \"  data-elementor-open-lightbox=\"no\">                <div class=\"bwg-item0 \">          <div class=\"bwg-item1 \">            <div class=\"bwg-item2\">              <img decoding=\"async\" class=\"skip-lazy bwg_standart_thumb_img_0 \"                   data-id=\"115\"                   data-width=\"\"                   data-height=\"\"                   data-src=\"https:\/\/www.obstmanufaktur.at\/start\/wp-content\/uploads\/photo-gallery\/thumb\/CR%20021.jpg\"                   src=\"https:\/\/www.obstmanufaktur.at\/start\/wp-content\/uploads\/photo-gallery\/thumb\/CR%20021.jpg\"                   alt=\"CR 021\"                   title=\"CR 021\" \/>            <\/div>            <div class=\"\">                                                      <\/div>          <\/div>        <\/div>                        <\/a>              <\/div>            <div class=\"bwg-item\">        <a class=\"bwg-a \"  data-elementor-open-lightbox=\"no\">                <div class=\"bwg-item0 \">          <div class=\"bwg-item1 \">            <div class=\"bwg-item2\">              <img decoding=\"async\" class=\"skip-lazy bwg_standart_thumb_img_0 \"                   data-id=\"111\"                   data-width=\"\"                   data-height=\"\"                   data-src=\"https:\/\/www.obstmanufaktur.at\/start\/wp-content\/uploads\/photo-gallery\/thumb\/CR%20017.jpg\"                   src=\"https:\/\/www.obstmanufaktur.at\/start\/wp-content\/uploads\/photo-gallery\/thumb\/CR%20017.jpg\"                   alt=\"CR 017\"                   title=\"CR 017\" \/>            <\/div>            <div class=\"\">                                                      <\/div>          <\/div>        <\/div>                        <\/a>              <\/div>            <div class=\"bwg-item\">        <a class=\"bwg-a \"  data-elementor-open-lightbox=\"no\">                <div class=\"bwg-item0 \">          <div class=\"bwg-item1 \">            <div class=\"bwg-item2\">              <img decoding=\"async\" class=\"skip-lazy bwg_standart_thumb_img_0 \"                   data-id=\"116\"                   data-width=\"\"                   data-height=\"\"                   data-src=\"https:\/\/www.obstmanufaktur.at\/start\/wp-content\/uploads\/photo-gallery\/thumb\/CR%20022.jpg\"                   src=\"https:\/\/www.obstmanufaktur.at\/start\/wp-content\/uploads\/photo-gallery\/thumb\/CR%20022.jpg\"                   alt=\"CR 022\"                   title=\"CR 022\" \/>            <\/div>            <div class=\"\">                                                      <\/div>          <\/div>        <\/div>                        <\/a>              <\/div>            <div class=\"bwg-item\">        <a class=\"bwg-a \"  data-elementor-open-lightbox=\"no\">                <div class=\"bwg-item0 \">          <div class=\"bwg-item1 \">            <div class=\"bwg-item2\">              <img decoding=\"async\" class=\"skip-lazy bwg_standart_thumb_img_0 \"                   data-id=\"110\"                   data-width=\"\"                   data-height=\"\"                   data-src=\"https:\/\/www.obstmanufaktur.at\/start\/wp-content\/uploads\/photo-gallery\/thumb\/CR%20016.jpg\"                   src=\"https:\/\/www.obstmanufaktur.at\/start\/wp-content\/uploads\/photo-gallery\/thumb\/CR%20016.jpg\"                   alt=\"CR 016\"                   title=\"CR 016\" \/>            <\/div>            <div class=\"\">                                                      <\/div>          <\/div>        <\/div>                        <\/a>              <\/div>            <div class=\"bwg-item\">        <a class=\"bwg-a \"  data-elementor-open-lightbox=\"no\">                <div class=\"bwg-item0 \">          <div class=\"bwg-item1 \">            <div class=\"bwg-item2\">              <img decoding=\"async\" class=\"skip-lazy bwg_standart_thumb_img_0 \"                   data-id=\"121\"                   data-width=\"\"                   data-height=\"\"                   data-src=\"https:\/\/www.obstmanufaktur.at\/start\/wp-content\/uploads\/photo-gallery\/thumb\/CR%20015.jpg\"                   src=\"https:\/\/www.obstmanufaktur.at\/start\/wp-content\/uploads\/photo-gallery\/thumb\/CR%20015.jpg\"                   alt=\"CR 015\"                   title=\"CR 015\" \/>            <\/div>            <div class=\"\">                                                      <\/div>          <\/div>        <\/div>                        <\/a>              <\/div>            <div class=\"bwg-item\">        <a class=\"bwg-a \"  data-elementor-open-lightbox=\"no\">                <div class=\"bwg-item0 \">          <div class=\"bwg-item1 \">            <div class=\"bwg-item2\">              <img decoding=\"async\" class=\"skip-lazy bwg_standart_thumb_img_0 \"                   data-id=\"118\"                   data-width=\"\"                   data-height=\"\"                   data-src=\"https:\/\/www.obstmanufaktur.at\/start\/wp-content\/uploads\/photo-gallery\/thumb\/CR%20024.jpg\"                   src=\"https:\/\/www.obstmanufaktur.at\/start\/wp-content\/uploads\/photo-gallery\/thumb\/CR%20024.jpg\"                   alt=\"CR 024\"                   title=\"CR 024\" \/>            <\/div>            <div class=\"\">                                                      <\/div>          <\/div>        <\/div>                        <\/a>              <\/div>            <div class=\"bwg-item\">        <a class=\"bwg-a \"  data-elementor-open-lightbox=\"no\">                <div class=\"bwg-item0 \">          <div class=\"bwg-item1 \">            <div class=\"bwg-item2\">              <img decoding=\"async\" class=\"skip-lazy bwg_standart_thumb_img_0 \"                   data-id=\"112\"                   data-width=\"\"                   data-height=\"\"                   data-src=\"https:\/\/www.obstmanufaktur.at\/start\/wp-content\/uploads\/photo-gallery\/thumb\/CR%20018.jpg\"                   src=\"https:\/\/www.obstmanufaktur.at\/start\/wp-content\/uploads\/photo-gallery\/thumb\/CR%20018.jpg\"                   alt=\"CR 018\"                   title=\"CR 018\" \/>            <\/div>            <div class=\"\">                                                      <\/div>          <\/div>        <\/div>                        <\/a>              <\/div>            <div class=\"bwg-item\">        <a class=\"bwg-a \"  data-elementor-open-lightbox=\"no\">                <div class=\"bwg-item0 \">          <div class=\"bwg-item1 \">            <div class=\"bwg-item2\">              <img decoding=\"async\" class=\"skip-lazy bwg_standart_thumb_img_0 \"                   data-id=\"120\"                   data-width=\"\"                   data-height=\"\"                   data-src=\"https:\/\/www.obstmanufaktur.at\/start\/wp-content\/uploads\/photo-gallery\/thumb\/CR%20014.jpg\"                   src=\"https:\/\/www.obstmanufaktur.at\/start\/wp-content\/uploads\/photo-gallery\/thumb\/CR%20014.jpg\"                   alt=\"CR 014\"                   title=\"CR 014\" \/>            <\/div>            <div class=\"\">                                                      <\/div>          <\/div>        <\/div>                        <\/a>              <\/div>            <div class=\"bwg-item\">        <a class=\"bwg-a \"  data-elementor-open-lightbox=\"no\">                <div class=\"bwg-item0 \">          <div class=\"bwg-item1 \">            <div class=\"bwg-item2\">              <img decoding=\"async\" class=\"skip-lazy bwg_standart_thumb_img_0 \"                   data-id=\"119\"                   data-width=\"\"                   data-height=\"\"                   data-src=\"https:\/\/www.obstmanufaktur.at\/start\/wp-content\/uploads\/photo-gallery\/thumb\/CR%20013.jpg\"                   src=\"https:\/\/www.obstmanufaktur.at\/start\/wp-content\/uploads\/photo-gallery\/thumb\/CR%20013.jpg\"                   alt=\"CR 013\"                   title=\"CR 013\" \/>            <\/div>            <div class=\"\">                                                      <\/div>          <\/div>        <\/div>                        <\/a>              <\/div>            <div class=\"bwg-item\">        <a class=\"bwg-a \"  data-elementor-open-lightbox=\"no\">                <div class=\"bwg-item0 \">          <div class=\"bwg-item1 \">            <div class=\"bwg-item2\">              <img decoding=\"async\" class=\"skip-lazy bwg_standart_thumb_img_0 \"                   data-id=\"117\"                   data-width=\"\"                   data-height=\"\"                   data-src=\"https:\/\/www.obstmanufaktur.at\/start\/wp-content\/uploads\/photo-gallery\/thumb\/CR%20023.jpg\"                   src=\"https:\/\/www.obstmanufaktur.at\/start\/wp-content\/uploads\/photo-gallery\/thumb\/CR%20023.jpg\"                   alt=\"CR 023\"                   title=\"CR 023\" \/>            <\/div>            <div class=\"\">                                                      <\/div>          <\/div>        <\/div>                        <\/a>              <\/div>            <div class=\"bwg-item\">        <a class=\"bwg-a \"  data-elementor-open-lightbox=\"no\">                <div class=\"bwg-item0 \">          <div class=\"bwg-item1 \">            <div class=\"bwg-item2\">              <img decoding=\"async\" class=\"skip-lazy bwg_standart_thumb_img_0 \"                   data-id=\"113\"                   data-width=\"\"                   data-height=\"\"                   data-src=\"https:\/\/www.obstmanufaktur.at\/start\/wp-content\/uploads\/photo-gallery\/thumb\/CR%20019.jpg\"                   src=\"https:\/\/www.obstmanufaktur.at\/start\/wp-content\/uploads\/photo-gallery\/thumb\/CR%20019.jpg\"                   alt=\"CR 019\"                   title=\"CR 019\" \/>            <\/div>            <div class=\"\">                                                      <\/div>          <\/div>        <\/div>                        <\/a>              <\/div>            <div class=\"bwg-item\">        <a class=\"bwg-a \"  data-elementor-open-lightbox=\"no\">                <div class=\"bwg-item0 \">          <div class=\"bwg-item1 \">            <div class=\"bwg-item2\">              <img decoding=\"async\" class=\"skip-lazy bwg_standart_thumb_img_0 \"                   data-id=\"114\"                   data-width=\"\"                   data-height=\"\"                   data-src=\"https:\/\/www.obstmanufaktur.at\/start\/wp-content\/uploads\/photo-gallery\/thumb\/CR%20020.jpg\"                   src=\"https:\/\/www.obstmanufaktur.at\/start\/wp-content\/uploads\/photo-gallery\/thumb\/CR%20020.jpg\"                   alt=\"CR 020\"                   title=\"CR 020\" \/>            <\/div>            <div class=\"\">                                                      <\/div>          <\/div>        <\/div>                        <\/a>              <\/div>          <\/div>    <style>      \/*pagination styles*\/      #bwg_container1_0 #bwg_container2_0 .tablenav-pages_0 {\t\t\t\ttext-align: center;\t\t\t\tfont-size: 12px;\t\t\t\tfont-family: segoe ui;\t\t\t\tfont-weight: bold;\t\t\t\tcolor: #666666;\t\t\t\tmargin: 6px 0 4px;\t\t\t\tdisplay: block;      }      @media only screen and (max-width : 320px) {      #bwg_container1_0 #bwg_container2_0 .displaying-num_0 {     \t display: none;      }      }      #bwg_container1_0 #bwg_container2_0 .displaying-num_0 {\t\t\t\tfont-size: 12px;\t\t\t\tfont-family: segoe ui;\t\t\t\tfont-weight: bold;\t\t\t\tcolor: #666666;\t\t\t\tmargin-right: 10px;\t\t\t\tvertical-align: middle;      }      #bwg_container1_0 #bwg_container2_0 .paging-input_0 {\t\t\t\tfont-size: 12px;\t\t\t\tfont-family: segoe ui;\t\t\t\tfont-weight: bold;\t\t\t\tcolor: #666666;\t\t\t\tvertical-align: middle;      }      #bwg_container1_0 #bwg_container2_0 .tablenav-pages_0 a.disabled,      #bwg_container1_0 #bwg_container2_0 .tablenav-pages_0 a.disabled:hover,      #bwg_container1_0 #bwg_container2_0 .tablenav-pages_0 a.disabled:focus,\t\t\t#bwg_container1_0 #bwg_container2_0 .tablenav-pages_0 input.bwg_current_page {\t\t\t\tcursor: default;\t\t\t\tcolor: rgba(102, 102, 102, 0.5);      }      #bwg_container1_0 #bwg_container2_0 .tablenav-pages_0 a,      #bwg_container1_0 #bwg_container2_0 .tablenav-pages_0 input.bwg_current_page {\t\t\t\tcursor: pointer;\t\t\t\ttext-align: center;\t\t\t\tfont-size: 12px;\t\t\t\tfont-family: segoe ui;\t\t\t\tfont-weight: bold;\t\t\t\tcolor: #666666;\t\t\t\ttext-decoration: none;\t\t\t\tpadding: 3px 6px;\t\t\t\tmargin: 0;\t\t\t\tborder-radius: 0;\t\t\t\tborder-style: solid;\t\t\t\tborder-width: 1px;\t\t\t\tborder-color: #E3E3E3;\t\t\t\t\t\t\t\tbackground-color: rgba(255, 255, 255, 1.00);\t\t\t\tbox-shadow: 0;\t\t\t\ttransition: all 0.3s ease 0s;-webkit-transition: all 0.3s ease 0s;      }      <\/style>      <span class=\"bwg_nav_cont_0\">              <div class=\"tablenav-pages_0\">                      <span class=\"displaying-num_0\">12  Element(e)<\/span>                    <\/div>                <input type=\"hidden\" id=\"page_number_0\" name=\"page_number_0\" value=\"1\" \/>      <script type=\"text\/javascript\">        if( jQuery('.bwg_nav_cont_0').length > 1 ) {          jQuery('.bwg_nav_cont_0').first().remove()        }        function spider_page_0(cur, x, y, load_more) {          if (typeof load_more == \"undefined\") {            var load_more = false;          }          if (jQuery(cur).hasClass('disabled')) {            return false;          }          var items_county_0 = 1;          switch (y) {            case 1:              if (x >= items_county_0) {                document.getElementById('page_number_0').value = items_county_0;              }              else {                document.getElementById('page_number_0').value = x + 1;              }              break;            case 2:              document.getElementById('page_number_0').value = items_county_0;              break;            case -1:              if (x == 1) {                document.getElementById('page_number_0').value = 1;              }              else {                document.getElementById('page_number_0').value = x - 1;              }              break;            case -2:              document.getElementById('page_number_0').value = 1;              break;\t\t\t\t\t\tcase 0:              document.getElementById('page_number_0').value = x;              break;            default:              document.getElementById('page_number_0').value = 1;          }          bwg_ajax('gal_front_form_0', '0', 'bwg_thumbnails_0', '0', '', 'gallery', 0, '', '', load_more, '', 1);        }                    jQuery('.first-page-0').on('click', function () {              spider_page_0(this, 1, -2, 'numeric');              return false;            });            jQuery('.prev-page-0').on('click', function () {              spider_page_0(this, 1, -1, 'numeric');              return false;            });            jQuery('.next-page-0').on('click', function () {              spider_page_0(this, 1, 1, 'numeric');              return false;            });            jQuery('.last-page-0').on('click', function () {              spider_page_0(this, 1, 2, 'numeric');              return false;            });        \t\t\t\t\/* Change page on input enter. *\/        function bwg_change_page_0( e, that ) {          if (  e.key == 'Enter' ) {            var to_page = parseInt(jQuery(that).val());            var pages_count = jQuery(that).parents(\".pagination-links\").data(\"pages-count\");            var current_url_param = jQuery(that).attr('data-url-info');            if (to_page > pages_count) {              to_page = 1;            }\t \t\t\t\t\t\t\t\t\t\t\t\tspider_page_0(this, to_page, 0, 'numeric');\t\t\t\t\t\t\treturn false;\t\t\t\t\t\t          }          return true;        }        jQuery('.bwg_load_btn_0').on('click', function () {            spider_page_0(this, 1, 1, true);            return false;        });      <\/script>      <\/span>                <\/div>        <\/form>              <\/div>    <\/div>    <script>      if (document.readyState === 'complete') {        if( typeof bwg_main_ready == 'function' ) {          if ( jQuery(\"#bwg_container1_0\").height() ) {            bwg_main_ready(jQuery(\"#bwg_container1_0\"));          }        }      } else {        document.addEventListener('DOMContentLoaded', function() {          if( typeof bwg_main_ready == 'function' ) {            if ( jQuery(\"#bwg_container1_0\").height() ) {             bwg_main_ready(jQuery(\"#bwg_container1_0\"));            }          }        });      }    <\/script>    \n<p>&nbsp;<\/p>\n","protected":false},"excerpt":{"rendered":"<p>&nbsp; kloatznbirn [kletzenbirne] trifft staboi [stockenboi], oder edelbrand trifft fine-art. und warum genau 1879? beginnen wir in Tscherniheim nahe Stockenboi. dort finden sich die wurzeln meisterlichen waldglases in K\u00e4rnten. im jahre 1879 verlaufen sich die spuren des alten glashandwerks-ortes als produktionst\u00e4tte. was geblieben ist, sind einmalige artefakte mit dem besonderen fadendekor. glasbl\u00e4ser-meister alois Hechl-Kreuter hauchte &hellip; <\/p>\n<p class=\"link-more\"><a href=\"https:\/\/www.obstmanufaktur.at\/start\/kloaboi1879\/\" class=\"more-link\"><span class=\"screen-reader-text\">\u201ekloa.boi 1879 |  riedel.hechl\u201c<\/span> weiterlesen<\/a><\/p>\n","protected":false},"author":1,"featured_media":289,"parent":0,"menu_order":0,"comment_status":"closed","ping_status":"closed","template":"","meta":{"footnotes":""},"_links":{"self":[{"href":"https:\/\/www.obstmanufaktur.at\/start\/wp-json\/wp\/v2\/pages\/261"}],"collection":[{"href":"https:\/\/www.obstmanufaktur.at\/start\/wp-json\/wp\/v2\/pages"}],"about":[{"href":"https:\/\/www.obstmanufaktur.at\/start\/wp-json\/wp\/v2\/types\/page"}],"author":[{"embeddable":true,"href":"https:\/\/www.obstmanufaktur.at\/start\/wp-json\/wp\/v2\/users\/1"}],"replies":[{"embeddable":true,"href":"https:\/\/www.obstmanufaktur.at\/start\/wp-json\/wp\/v2\/comments?post=261"}],"version-history":[{"count":8,"href":"https:\/\/www.obstmanufaktur.at\/start\/wp-json\/wp\/v2\/pages\/261\/revisions"}],"predecessor-version":[{"id":301,"href":"https:\/\/www.obstmanufaktur.at\/start\/wp-json\/wp\/v2\/pages\/261\/revisions\/301"}],"wp:featuredmedia":[{"embeddable":true,"href":"https:\/\/www.obstmanufaktur.at\/start\/wp-json\/wp\/v2\/media\/289"}],"wp:attachment":[{"href":"https:\/\/www.obstmanufaktur.at\/start\/wp-json\/wp\/v2\/media?parent=261"}],"curies":[{"name":"wp","href":"https:\/\/api.w.org\/{rel}","templated":true}]}}